 digit of 1251476?
5
What is the hundreds digit of 278638?
6
What is the tens digit of 397937?
3
What is the units digit of 2603642?
2
What is the units digit of 865649?
9
What is the thousands digit of 111267?
1
What is the hundreds digit of 8920971?
9
What is the ten thousands digit of 77914?
7
What is the tens digit of 1402584?
8
What is the ten thousands digit of 170372?
7
What is the ten thousands digit of 767768?
6
What is the units digit of 246606?
6
What is the thousands digit of 117889?
7
What is the thousands digit of 61225?
1
What is the ten thousands digit of 331267?
3
What is the hundred thousands digit of 1604303?
6
What is the tens digit of 179483?
8
What is the thousands digit of 319644?
9
What is the units digit of 81346?
6
What is the ten thousands digit of 1398930?
9
What is the hundred thousands digit of 2183762?
1
What is the ten millions digit of 23812865?
2
What is the thousands digit of 2357801?
7
What is the ten thousands digit of 323668?
2
What is the ten thousands digit of 7676147?
7
What is the units digit of 16814329?
9
What is the units digit of 1346677?
7
What is the tens digit of 79013?
1
What is the tens digit of 146768?
6
What is the ten thousands digit of 761695?
6
What is the thousands digit of 47316?
7
What is the tens digit of 7765139?
3
What is the units digit of 151805?
5
What is the hundred thousands digit of 3178933?
1
What is the tens digit of 193158?
5
What is the ten thousands digit of 752510?
5
What is the tens digit of 61555?
5
What is the thousands digit of 593705?
3
What is the hundreds digit of 6906196?
1
What is the ten thousands digit of 2517047?
1
What is the units digit of 1531217?
7
What is the units digit of 1011168?
8
What is the millions digit of 1088108?
1
What is the thousands digit of 746729?
6
What is the millions digit of 29081517?
9
What is the tens digit of 6219474?
7
What is the hundred thousands digit of 409312?
4
What is the thousands digit of 3430429?
0
What is the units digit of 615677?
7
What is the millions digit of 4599924?
4
What is the tens digit of 483923?
2
What is the millions digit of 1325425?
1
What is the thousands digit of 1357466?
7
What is the hundred thousands digit of 2527675?
5
What is the units digit of 190825?
5
What is the hundreds digit of 108035?
0
What is the units digit of 1482130?
0
What is the units digit of 10969102?
2
What is the hundreds digit of 383229?
2
What is the ten millions digit of 22789548?
2
What is the units digit of 497795?
5
What is the units digit of 1677409?
9
What is the hundred thousands digit of 10711942?
7
What is the units digit of 19496464?
4
What is the thousands digit of 1784089?
4
What is the ten thousands digit of 1420059?
2
What is the millions digit of 3710764?
3
What is the hundred thousands digit of 1771456?
7
What is the thousands digit of 20459389?
9
What is the thousands digit of 1002735?
2
What is the units digit of 5200877?
7
What is the ten millions digit of 28369527?
2
What is the units digit of 13690?
0
What is the units digit of 6733506?
6
What is the thousands digit of 69715?
9
What is the thousands digit of 38412?
8
What is the ten millions digit of 27865942?
2
What is the hundreds digit of 1745995?
9
What is the hundred thousands digit of 1913852?
9
What is the hundreds digit of 183357?
3
What is the tens digit of 3905193?
9
What is the hundred thousands digit of 1144548?
1
What is the hundred thousands digit of 624405?
6
What is the thousands digit of 1489190?
9
What is the tens digit of 1388890?
9
What is the ten thousands digit of 689594?
8
What is the tens digit of 38145535?
3
What is the tens digit of 2132115?
1
What is the units digit of 1839225?
5
What is the hundred thousands digit of 1987412?
9
What is the hundreds digit of 883126?
1
What is the tens digit of 150991?
9
What is the hundreds digit of 5802858?
8
What is the tens digit of 2842668?
6
What is the hundreds digit of 89270?
2
What is the millions digit of 29125524?
9
What is the units digit of 121970?
0
What is the units digit of 1588443?
3
What is the ten thousands digit of 253420?
5
What is the tens digit of 23388996?
9
What is the ten thousands digit of 2348266?
4
What is the millions digit of 35412441?
5
What is the ten thousands digit of 933072?
3
What is the tens digit of 178634?
3
What is the tens digit of 6452222?
2
What is the hundreds digit of 4833777?
7
What is the units digit of 12409371?
1
What is the units digit of 949762?
2
What is the hundred thousands digit of 4627673?
6
What is the hundred thousands digit of 254127?
2
What is the hundreds digit of 403662?
6
What is the hundred thousands digit of 2913703?
9
What is the tens digit of 12354940?
4
What is the ten thousands digit of 255701?
5
What is the ten thousands digit of 1954534?
5
What is the ten millions digit of 12827509?
1
What is the thousands digit of 124686?
4
What is the hundred thousands digit of 310612?
3
What is the thousands digit of 184003?
4
What is the millions digit of 15084364?
5
What is the tens digit of 18241596?
9
What is the units digit of 416904?
4
What is the ten thousands digit of 5610715?
1
What is the ten thousands digit of 84784?
8
What is the hundred thousands digit of 1312658?
3
What is the thousands digit of 301826?
1
What is the tens digit of 16898985?
8
What is the hundred thousands digit of 347865?
3
What is the ten thousands digit of 82038?
8
What is the tens digit of 337347?
4
What is the tens digit of 45726?
2
What is the ten thousands digit of 2130948?
3
What is the hundred thousands digit of 20013076?
0
What is the hundred thousands digit of 7173839?
1
What is the ten thousands digit of 48879?
4
What is the units digit of 33353?
3
What is the hundreds digit of 176721?
7
What is the hundreds digit of 238779?
7
What is the units digit of 8343446?
6
What is the thousands digit of 857742?
7
What is the tens digit of 240847?
4
What is the thousands digit of 575753?
5
What is the hundred thousands digit of 968212?
9
What is the ten thousands digit of 389347?
8
What is the hundred thousands digit of 976423?
9
What is the ten thousands digit of 4299528?
9
What is the thousands digit of 601416?
1
What is the units digit of 338266?
6
What is the thousands digit of 633102?
3
What is the millions digit of 16108888?
6
What is the units digit of 13955154?
4
What is the thousands digit of 3534819?
4
What is the ten thousands digit of 4339679?
3
What is the hundred thousands digit of 1118185?
1
What is the millions digit of 4344715?
4
What is the units digit of 292872?
2
What is the units digit of 39488?
8
What is the tens digit of 276467?
6
What is the hundred thousands digit of 371678?
3
What is the tens digit of 5246634?
3
What is the tens digit of 341988?
8
What is the ten thousands digit of 16949?
1
What is the units digit of 5379911?
1
What is the hundred thousands digit of 1029896?
0
What is the units digit of 15560722?
2
What is the hundred thousands digit of 34165879?
1
What is the units digit of 895738?
8
What is the thousands digit of 106553?
6
What is the hundred thousands digit of 505686?
5
What is the hundred thousands digit of 18810729?
8
What is the thousands digit of 1666082?
6
What is the units digit of 7010571?
1
What is the tens digit of 14816639?
3
What is the hundreds digit of 9316407?
4
What is the hundreds digit of 1101653?
6
What is the millions digit of 1209098?
1
What is the units digit of 8887950?
0
What is the ten thousands digit of 235597?
3
What is the thousands digit of 1227936?
7
What is the tens digit of 75898?
9
What is the hundreds digit of 667771?
7
What is the ten millions digit of 18891155?
1
What is the thousands digit of 3402666?
2
What is the hundreds digit of 261528?
5
What is the thousands digit of 108144?
8
What is the hundreds digit of 61565?
5
What is the ten thousands digit of 631993?
3
What is the hundreds digit of 1132799?
7
What is the tens digit of 3541894?
9
What is the millions digit of 14306698?
4
What is the units digit of 317655?
5
What is the tens digit of 11267496?
9
What is the units digit of 3193507?
7
What is the units digit of 640792?
2
What is the millions digit of 1206839?
1
What is the ten thousands digit of 5386761?
8
What is the ten thousands digit of 1208889?
0
What is the hun